common divisor of 5 and 1014184130.
5
What is the greatest common factor of 76398 and 4658?
34
What is the greatest common factor of 2555576 and 1161?
43
What is the highest common divisor of 99 and 39981249?
99
What is the greatest common divisor of 365 and 225935?
365
What is the highest common factor of 8634239 and 568?
71
What is the greatest common factor of 304362 and 63270?
666
Calculate the highest common divisor of 332 and 553343902.
166
Calculate the greatest common factor of 7231455 and 38115.
3465
Calculate the highest common factor of 898603 and 10285.
17
Calculate the highest common divisor of 203784 and 142464.
168
Calculate the greatest common divisor of 63 and 23652441.
9
Calculate the highest common divisor of 4644 and 18341865.
387
What is the highest common factor of 224175128 and 1004?
1004
What is the highest common factor of 300 and 298725?
75
Calculate the greatest common divisor of 1516055291 and 17.
17
Calculate the greatest common divisor of 1493 and 273110011.
1493
Calculate the highest common factor of 3586 and 5238820.
326
Calculate the greatest common divisor of 8120 and 3056600.
1160
Calculate the highest common divisor of 61 and 14809153.
61
Calculate the highest common divisor of 24587540 and 40.
20
Calculate the highest common factor of 252361450 and 6116.
3058
Calculate the greatest common factor of 1989218 and 2618.
154
What is the highest common factor of 62 and 22997536?
62
Calculate the highest common factor of 6929 and 3387943.
169
Calculate the greatest common factor of 4056 and 2402751.
39
What is the highest common factor of 70 and 11659802?
14
Calculate the greatest common divisor of 82844 and 109393.
139
Calculate the highest common divisor of 8 and 21048536.
8
What is the highest common divisor of 63084641 and 628?
157
What is the greatest common divisor of 22377222 and 588?
294
Calculate the greatest common divisor of 34404 and 43522.
94
Calculate the highest common factor of 2462395 and 1075.
215
What is the greatest common divisor of 25242 and 55146?
42
What is the greatest common factor of 884 and 103776868?
52
What is the highest common factor of 527 and 18713243?
527
Calculate the greatest common factor of 7259744 and 25288.
232
What is the greatest common factor of 55879789 and 1669?
1669
What is the greatest common divisor of 22591 and 35579636?
1189
What is the highest common divisor of 114 and 25788871?
19
What is the highest common divisor of 45788 and 128?
4
Calculate the greatest common divisor of 2824361 and 1769.
61
Calculate the highest common divisor of 25938152 and 49112.
7016
What is the greatest common factor of 37632 and 20416512?
768
Calculate the highest common factor of 94863119 and 13988.
3497
What is the highest common divisor of 2256562 and 1638?
14
Calculate the highest common divisor of 13847989 and 316.
79
Calculate the highest common divisor of 74446748 and 2354.
214
Calculate the highest common divisor of 27036477 and 54.
27
What is the highest common factor of 260331 and 1155675?
2433
What is the greatest common factor of 359600 and 169824?
464
What is the highest common divisor of 160 and 10162840?
40
Calculate the greatest common divisor of 1853424 and 14272.
16
What is the greatest common divisor of 485489511 and 1521?
1521
What is the greatest common divisor of 345015 and 19855?
55
Calculate the greatest common divisor of 3271859 and 34325.
1373
Calculate the highest common divisor of 236 and 19298251.
59
Calculate the greatest common divisor of 701304 and 48.
24
Calculate the greatest common divisor of 27968 and 72998228.
1748
Calculate the highest common factor of 3124 and 17506044.
284
Calculate the highest common factor of 53201347 and 359023.
7327
What is the highest common divisor of 29 and 132009653?
29
Calculate the highest common factor of 3438 and 2665314.
18
Calculate the greatest common divisor of 6382882 and 64202.
94
What is the greatest common divisor of 21195 and 13357089?
4239
What is the highest common divisor of 560155960 and 3640?
3640
What is the highest common factor of 2208 and 457971216?
1104
What is the highest common factor of 658540 and 88383?
1733
What is the highest common factor of 12885075 and 15750?
1575
Calculate the highest common factor of 59973420 and 414.
138
Calculate the greatest common divisor of 1344 and 163613632.
448
What is the highest common factor of 146820 and 160380?
60
What is the highest common factor of 416182 and 247?
13
What is the greatest common factor of 256 and 273130272?
32
What is the greatest common factor of 4 and 4183372?
4
What is the highest common divisor of 108800 and 108544?
256
Calculate the greatest common divisor of 103230 and 28830.
930
What is the highest common factor of 767700 and 25600?
100
What is the highest common divisor of 435471 and 5911263?
1137
What is the greatest common divisor of 4218396 and 1001?
91
What is the highest common factor of 654718 and 6923?
989
What is the highest common divisor of 172 and 30385262?
86
Calculate the highest common divisor of 7319 and 3625613030.
7319
What is the highest common factor of 425027 and 4?
1
What is the greatest common divisor of 1308098 and 34558?
74
What is the highest common divisor of 56853214 and 11528?
2882
What is the highest common divisor of 22269 and 30147?
39
What is the greatest common factor of 750368 and 23360?
32
What is the highest common factor of 20801965 and 38335?
3485
What is the greatest common divisor of 67 and 52723707?
67
What is the greatest common factor of 934 and 29330402?
934
What is the highest common divisor of 3771 and 63388415?
419
What is the highest common factor of 28984358 and 30368?
1898
Calculate the highest common divisor of 4992 and 63736192.
1664
Calculate the greatest common factor of 184623 and 247191.
237
Calculate the highest common factor of 52726 and 22939025.
643
Calculate the highest common divisor of 479509135 and 3365.
3365
Calculate the greatest common factor of 106002021 and 4335.
867
What is the highest common factor of 6862 and 329866633?
3431
Calculate the highest common divisor of 2408 and 43182062.
602
What is the highest common factor of 1521796 and 226324?
548
What is the highest common divisor of 38 and 98605896?
38
Calculate the highest common divisor of 150 and 795325.
25
Calculate the highest common divisor of 291661615 and 2919.
973
What is the greatest common factor of 11152449 and 1539?
171
What is the highest common divisor of 611230 and 760?
190
Calculate the greatest common factor of 72415721 and 217.
217
Calculate the highest common divisor of 9321316 and 284.
4
Calculate the greatest common divisor of 4842 and 1455534.
18
Calculate the highest common factor of 57430129 and 628.
157
Calculate the greatest common divisor of 5054 and 86040.
2
Calculate the greatest common divisor of 68397777 and 907.
907
Calculate the greatest common divisor of 12 and 918469092.
12
Calculate the highest common divisor of 99 and 5995476.
9
Calculate the greatest common factor of 29 and 9801971.
29
What is the greatest common factor of 498480 and 9145?
155
What is the greatest common factor of 879 and 18761669?
293
Calculate the greatest common divisor of 2412989 and 4203.
467
Calculate the greatest common factor of 381 and 112070261.
127
What is the highest common factor of 128301975 and 255?
255
What is the highest common factor of 1130242058 and 3707?
3707
What is the greatest common factor of 237101868 and 288?
36
What is the greatest common divisor of 24 and 22904096?
8
What is the greatest common divisor of 24 and 17236734?
6
Calculate the highest common divisor of 74056307 and 39.
13
What is the highest common factor of 12784 and 8147403?
799
What is the highest common factor of 443594088 and 1176?
168
Calculate the greatest common factor of 4236 and 108.
12
What is the greatest common factor of 72782916 and 26403?
2031
What is the highest common divisor of 1350 and 7182135?
135
Calculate the highest common factor of 615487 and 440467.
2917
Calculate the greatest common divisor of 45225 and 120870144.
1809
Calculate the highest common factor of 296905168 and 148.
148
What is the highest common factor of 52752 and 205968?
336
What is the greatest common factor of 691 and 146